= a*v + 2 + 78. List the prime factors of k(v).
71
Let l be -742 - (2 - 1)/(2/(-10)). List the prime factors of ((-48)/6 + 7)*l.
11, 67
List the prime factors of 36/(42/7) + 9086.
2, 2273
Let a = 2996 - -19679. List the prime factors of a.
5, 907
What are the prime factors of (-618)/15*(-473 - -14 - 6)?
2, 3, 31, 103
Suppose 5*y + 490 = 2*g, 368 = 4*g + 2*y - 636. What are the prime factors of g/(-40)*(-1 + -23)?
2, 3, 5
Suppose 2*y - 36 = 3*z, z = -133*y + 134*y - 11. Let n(o) = 3 - 19*o + 3 - 5 - o**2. List the prime factors of n(z).
71
Suppose 6*t - 4*q - 33900 = t, 2*t - 13563 = q. List the prime factors of t.
2, 53
Suppose 4*p + j - 269346 = 0, -3*j + 134678 = -146*p + 148*p. List the prime factors of p.
2, 19, 443
Let i be (2 - -5) + (239 - 14). Suppose i = 8*x - 8696. What are the prime factors of x?
2, 3, 31
Let h be (2323 - (2 + -5)) + -6. Suppose 17*x + h = 25*x. List the prime factors of x.
2, 5, 29
Let p = 4915 + -4458. List the prime factors of p.
457
Suppose -f + 42192 = 3*a, f = 15*a - 16*a + 14068. What are the prime factors of a?
2, 79, 89
Let m(o) = -104*o - 1887. What are the prime factors of m(-28)?
5, 41
Let v be 90/12*(-234)/15. Let w = -78 - v. List the prime factors of w.
3, 13
Let j = -25213 + 32558. List the prime factors of j.
5, 13, 113
Let m(v) = v**2 - 2 - 7*v**2 - 2*v**2 - 2*v**3 - 2*v + 6*v**2. Let u be m(-2). What are the prime factors of (8/u)/((-4)/(-890))?
2, 89
Suppose -2*a = 15*a - 552296. What are the prime factors of a?
2, 31, 131
Let m = 95 + -72. Let g = m + -10. Suppose 11*p - g*p = -234. List the prime factors of p.
3, 13
Let p(n) = n**3 + 3*n**2 - 8*n + 9. Let x be p(-5). Let k(t) = -861*t + 45. What are the prime factors of k(x)?
2, 3, 151
Let p(v) be the second derivative of v**5/20 - 4*v**4/3 + 65*v**3/6 + 5*v**2 + 2*v - 4. What are the prime factors of p(9)?
2, 7
Suppose -15 = 15*w - 75. Suppose n + 2 = 5*f - 3*f, 0 = w*f + 2*n + 4. Suppose f = 4*x - 3 - 165. List the prime factors of x.
2, 3, 7
Let r(y) = 16*y**2 + 3*y + 317. List the prime factors of r(-16).
3, 5, 97
Let d = -805 + 1417. Suppose 0 = 239*c - 243*c + d. List the prime factors of c.
3, 17
Suppose 0 = -4*a - 8, 581*u + 2*a - 45227 = 580*u. What are the prime factors of u?
3, 15077
Let i(v) = 16*v**2 - 2*v - 4. Let g(c) = c - 15. Let a(d) = -d**3 - 5*d**2 + 9*d - 23. Let k be a(-7). Let m be g(k). List the prime factors of i(m).
2, 73
Let w(p) = -p**2 - 29*p - 76. Let l be w(-26). Suppose l*n = 154 + 328. What are the prime factors of n?
241
Let y(q) = 86*q - 23. What are the prime factors of y(26)?
2213
Let z(r) = r**3 + 17*r**2 + 18*r + 18. Let w be z(-15). Suppose -w - 292 = -5*q. Suppose -4*d + q = -70. List the prime factors of d.
2, 3, 7
Suppose i - 2*v + 35 = 0, -4*i + 6*i + 3*v = -77. Let r = 101 - i. List the prime factors of r.
2, 3, 23
Suppose -72258 = -7*j - 21865. List the prime factors of j.
23, 313
What are the prime factors of 10/(2*4/15844)?
5, 17, 233
Let n = -22176 - -107350. List the prime factors of n.
2, 37, 1151
Let b(i) = 2*i**2 + 6*i + 5. Let x be b(-3). Suppose -5*f = 4*a - 1104, -x*f = -6*f - 2*a + 216. What are the prime factors of f?
2, 7
Suppose -3*h + 2*x + 0 - 29 = 0, 5*h + 61 = -3*x. Let m be (96/44 - 2) + (-141)/h. Suppose m*l = -2*l + 1200. What are the prime factors of l?
2, 5
Suppose 0 = 3*c - 8*c + 10. Suppose 85 = -3*t - c*m + 750, 0 = -2*m - 10. Suppose 2*r = 3*d - t, r = -d - 10 + 90. List the prime factors of d.
7, 11
Suppose -1013775 = 1002*c - 1023*c. What are the prime factors of c?
5, 1931
Let z(j) = -1 + 3*j - 4*j**2 - 5*j**3 + 11*j**3 + j. Let u be z(3). Let v = u + -103. What are the prime factors of v?
2, 17
Let k be 10*(-1 + (-13)/2) + -2. Let c = k + 80. Let w(f) = 2*f**3 + 4*f**2 - 5*f + 7. What are the prime factors of w(c)?
2, 41
List the prime factors of 56/(-42)*93810/(-8).
5, 53, 59
Let w(k) = -23065*k - 24. List the prime factors of w(-1).
23041
Let b = -145 - -147. Let n(m) = 5*m - 43*m**3 - b*m**2 - 1 + 42*m**3 - 3*m**2. List the prime factors of n(-6).
5
Let u(m) = -m**2 - 7*m + 8. Let b be u(-8). Let n be b/((0 + 1)*1). Suppose 3*l - 191 + 32 = n. List the prime factors of l.
53
Suppose -k = 4*k + 5. Let g(q) = 168*q**2 + 21*q + 21. Let f(a) = 89*a**2 + 10*a + 10. Let c(v) = 13*f(v) - 6*g(v). What are the prime factors of c(k)?
149
Let b = -637 - -1193. Suppose -4*k = -d + 538, d + 5*k - b = 3*k. What are the prime factors of d?
2, 5, 11
Suppose 0 = 163*q - 150*q - 1196. Let k = 201 - q. List the prime factors of k.
109
Let b(l) = -455*l + 18. What are the prime factors of b(-2)?
2, 29
Suppose 0 = -h - 4*f - 9, 3*f - 8*f - 20 = 0. Suppose 2*k - h*k = 10, 0 = 3*g + 5*k + 25. What are the prime factors of -2 - 9/g - (-602)/10?
2, 3, 5
Suppose 9 = 14*v - 13*v. Suppose -v*m + 44 = 2*m. Suppose m*q - 285 - 123 = -4*p, 3*q - 2*p - 296 = 0. List the prime factors of q.
2, 5
Suppose -16*g = -s - 11*g + 28811, 11*s = g + 316975. List the prime factors of s.
2, 1801
Let p(y) = y**2 + 14*y + 33. Let o be p(-12). Suppose 0 = t + 4*a - 36, o*a = -2*t + 6*a + 72. Let q = 104 - t. What are the prime factors of q?
2, 17
List the prime factors of 12/(-10) + 2 - (-9587496)/830.
2, 19
Suppose 8*i + 4 = 10*i. Suppose -368 = -6*j + 8*j + 4*f, i = -f. Let g = -52 - j. List the prime factors of g.
2
Let o = 41497 + -19169. List the prime factors of o.
2, 2791
Suppose -c + 830 + 9607 = t, -5*t - 4*c = -52179. What are the prime factors of t?
3, 19, 61
Let p(v) = v + 2. Let i be ((-9)/2)/(15/(-40)). Suppose 16*c - 36 = i*c. List the prime factors of p(c).
11
Suppose -14*h + 15*h = t + 12141, -4*t = -h + 12117. What are the prime factors of h?
12149
Suppose 0 = 2*r - 4*z - 2636, -14*z + 16*z - 5282 = -4*r. List the prime factors of r.
2, 3, 5, 11
List the prime factors of (2/(-8)*-2)/((-101)/(-1064136)).
2, 3, 439
List the prime factors of ((-545940)/(-210))/((-22)/(-231)).
3, 337
Let m(g) be the first derivative of -104*g**2 - 2*g - 150. List the prime factors of m(-5).
2, 3, 173
Let k(b) = -13*b + 6. Let m be k(-2). Let r(i) = i**3 - 33*i**2 + 36*i + 11. What are the prime factors of r(m)?
139
Let f = 18902 - 15327. What are the prime factors of f?
5, 11, 13
Let k be (-6)/(-51) - (-519216)/272. Let g = k + -1091. List the prime factors of g.
2, 409
Suppose -290 = -11*t - 18*t. Let u(y) = 54*y - 73. What are the prime factors of u(t)?
467
Suppose -4*w - 7*w + 66 = 0. Suppose o = 2*d - 213, d + 535 = w*d - 5*o. What are the prime factors of d?
2, 53
Suppose 3*t + 13297 = 2*r, -12*r + 11*r + 6659 = -5*t. Suppose 2*c + 3*o = 2015, -5*c - 1634 + r = 2*o. What are the prime factors of c?
2, 5
Let t(l) = -206*l**3 - 6*l**2 - 18*l - 24. What are the prime factors of t(-2)?
2, 409
List the prime factors of -49902*3/(-27)*(54/12)/3.
8317
Let d(v) = v**2 - 28*v - 34. Let g be d(20). Let c = -187 - g. List the prime factors of c.
7
Suppose 0 = -24*g + 7*g + 58123. Suppose 5*a = -624 + g. What are the prime factors of a?
13, 43
Let k = -37610 - -73799. List the prime factors of k.
3, 4021
Let n(d) be the third derivative of -d**4/4 + d**3 + 2*d**2. Let j = -1881 - -1863. What are the prime factors of n(j)?
2, 3, 19
Suppose -340032 = 64*i - 160*i. What are the prime factors of i?
2, 7, 11, 23
Let b = -680 + 684. Suppose 10*m - 162 = b*m. List the prime factors of m.
3
Let f = 2364 - 300. Suppose -j - f = -5*j. List the prime factors of j.
2, 3, 43
Let f(v) = -v**3 - 27*v**2 - 25*v + 26. Let h be f(-26). Suppose h = 5*c + 25, 914 = 5*a + c - 56. List the prime factors of a.
3, 5, 13
List the prime factors of 27478 + (-10)/(-60)*66.
3, 7, 11, 17
Suppose 2 = 2*o - 4, -964 = -5*p - 3*o. Let q = p + -110. Suppose 4*k = k + q. What are the prime factors of k?
3
Let j be (5/(-10))/(3/(-6))*6. What are the prime factors of j/(-2*(-7)/1274)?
2, 3, 7, 13
Suppose -28*x + 235916 + 66876 = 0. List the prime factors of x.
2, 5407
Let y = 664 + -662. Suppose -6*h + y*z - 1912 = -8*h, 2*h - 2*z = 1892. What are the prime factors of h?
3, 317
Let r(o) = 7*o + 14. Let p be ((-1)/3*-15)/1. Let i be r(p). What are the prime factors of 94 + i/(-14) + 1/2?
7, 13
Let h = 17769 + -64293. What are the prime factors of (4/(-2))/(-4 + h/(-11634))?
7, 277
Let r be 2236/(-65)*(-7)/((-28)/30). Let a = -122 - r. What are the prime f